83 = -p - j. Suppose -8*w = 3*w - p. What is the hundreds digit of w - 2555/(-20) - (-1)/4?
1
Let n(h) = 94*h - 126. Suppose 3*q + 5*g - 58 + 4 = 0, 5*q - 80 = -5*g. What is the hundreds digit of n(q)?
0
Suppose 2*h = -10*h - 324. Let x be (-36)/h + 15/9. Suppose z - 184 = -5*c - 2, x*c - 954 = -5*z. What is the hundreds digit of z?
1
Suppose 0*t - 4*t - 83880 = -3*v, 0 = -3*v - t + 83865. What is the units digit of (-24)/56 - v/(-28)?
8
Let i = -6900 + 14129. What is the hundreds digit of i?
2
Let p = 34 - 60. Let t = 0 + p. What is the units digit of 5/2 + (-13)/t?
3
Suppose 2*p = z + 177172, 3*p - 131144 = -3*z + 134605. What is the tens digit of p?
8
Suppose -3*s - 4*l - 3 = -4*s, 2*s = -2*l - 4. Let t = -183 - -347. What is the tens digit of (3 - s)*t/8?
8
Let w(j) = 3 - j - 2*j - 2*j + j - 8*j**2. Let f be w(1). What is the units digit of (f/15)/((-5)/1525)?
3
Suppose -9*o + 48 = 3*o. Suppose a + o*d + 238 = 1192, -4*a + d + 3765 = 0. What is the units digit of a?
2
Let r(q) be the second derivative of -q**4/2 + q**3/3 + q**2 - q. Let k be r(2). What is the tens digit of (-2)/9 + (-1264)/k?
7
Suppose -120 = -2*w - 22*w. Suppose 5*h + 1595 = w*q, -3*q - 3*h + 933 = -0*h. What is the hundreds digit of q?
3
Let z(t) = 127*t**2 + 1. Let j be z(1). Let s = 10 + j. Suppose l + 2*h = 8 + s, 0 = -4*h + 4. What is the hundreds digit of l?
1
Suppose 2*r - 4 = 4. Let g be 0/(((-16)/4)/r). Suppose 10*m - 173 - 1117 = g. What is the units digit of m?
9
Let n(w) = 3*w - 20 - w - 11 + 36 + 4*w**2. Suppose 42 = -5*s - s. What is the units digit of n(s)?
7
Let g be 7 + -7 - 209 - (-1 - 2). Let y = 499 + g. What is the units digit of y?
3
Let y(v) = 2*v**3 + 8*v**2 + 58*v - 33. What is the tens digit of y(14)?
3
Suppose 0 = -4*v + 5*x - 481, v - 118 = 2*v - 2*x. Let a = v + 805. What is the units digit of a?
1
Let c(a) = 2531*a + 617. What is the thousands digit of c(9)?
3
Let g = -1984 - -4573. Let i = g + -1816. What is the tens digit of i?
7
Let g be (54/(-21) - -2)*105/(-10). Suppose -4*z + 4*w = 4, z + 3*w - g*w + 7 = 0. What is the tens digit of 4/(-4 + z)*-1 + 253?
5
Suppose 24 = -6*q - 0. Let k = 109 + q. What is the tens digit of k?
0
Suppose 0 = -85*v - 31*v + 56770 + 2151986. What is the tens digit of v?
4
Let k = -22 + 1. Let q be 82 + 7/(k/(-9)). Suppose -2*m + q = -39. What is the tens digit of m?
6
Let r = -1081 + 765. Let b = r - -350. What is the tens digit of b?
3
Suppose 105 - 13 = 4*r. Suppose -r = -3*g + 76. Let i = g - -37. What is the tens digit of i?
7
What is the units digit of (50/6)/(((-1248)/(-273663))/32)?
5
Suppose 3*k = -3*n + 81534, -135866 = -130*k + 125*k + 3*n. What is the ten thousands digit of k?
2
Suppose -3*q - 18*o + 13*o + 28007 = 0, -2*o = 4*q - 37352. What is the units digit of q?
9
Let p(z) = 4*z - 28. Let c be p(8). Let w be (39/c)/(15/40). Suppose 3*r + f = -4*f + 28, -3*r - 4*f + w = 0. What is the units digit of r?
6
Suppose 4*q = 6 - 2. Let g be 3 - 1/(1/q). Let x = 33 - g. What is the tens digit of x?
3
Suppose 0 = -5*n + 3*x + 56, 2*n + x - 15 = 3. Suppose 0 = -3*u + i + 245, -n*u + 168 = -8*u + 4*i. What is the units digit of u?
2
Let n = -151 - -263. Let q = 300 - n. What is the units digit of q?
8
Suppose 13*o - 18427 = 50148. What is the thousands digit of o?
5
Let r(p) be the second derivative of -p**5/20 - p**4 + p**3/3 + 39*p**2/2 + 13*p - 1. What is the units digit of r(-15)?
4
Suppose -17*n - 89 + 4 = 0. What is the units digit of -1 - n - ((-12)/(-3) + -2)?
2
Let p = -94 - -148. Let j(c) = 32*c + 56 + p - 114. What is the hundreds digit of j(4)?
1
Suppose -4*s = -4*y - 8, s + 3*y + 10 = -2*y. Suppose -2*t - 2*t + 2*i + 934 = s, 457 = 2*t + i. What is the hundreds digit of t?
2
Let v be 54/216 - 2449/4. What is the tens digit of (v/(-9))/((-1)/(-2))?
3
Suppose -3*u - 2*o + 14 = -u, -2*u - 5*o + 17 = 0. Let v(f) = -u + 22*f**2 + 5 - 3*f + 2*f + 4. What is the tens digit of v(2)?
8
Suppose 4*s - 1240 = -3*y, -4*y + 4*s = 209 - 1881. Let p(q) = q - 3. Let j be p(10). Suppose 0 = 11*k - j*k - y. What is the units digit of k?
4
Suppose 45 = -5*x + 2*x. Let b be 6/8*40/x. What is the hundreds digit of (-15356)/(-55) + b/10?
2
Let k(x) = 8*x - 8. Let g(h) = 9*h - 8. Let q(s) = 3*g(s) - 4*k(s). Let u = 43 + -50. What is the tens digit of q(u)?
4
Suppose 3*m - 1046 - 592 = 0. Suppose 0 = 21*g - 7*g - m. What is the units digit of g?
9
Suppose -69 = 6*m - 879. Suppose -5*y + 6*y = -79. Let x = m - y. What is the units digit of x?
4
Suppose -4*z + 864 = q, 0 = 8*z - 4*z + 5*q - 864. Let k = z - -337. What is the hundreds digit of k?
5
Suppose -3*k = -5*w - 54074 - 33427, 5*k - 145909 = -4*w. What is the ten thousands digit of k?
2
Let o(j) = 330*j**2 + 34*j + 216. What is the hundreds digit of o(-8)?
0
Suppose 11*z + 1547 = 4968. Suppose -4*r - z = -99. Let d = r - -88. What is the units digit of d?
5
Suppose -73*b + 43*b + 114*b - 672 = 0. Let v be -2 + (-3)/(6/(-52)). What is the hundreds digit of b/(-6) - (-2696)/v?
1
Let r(u) = 2 - u**3 - 10*u + 6*u + 16*u**2 + 0*u**3 - 4*u**2. Let a be r(12). Let o = a - -186. What is the tens digit of o?
4
Let d(k) = -1752*k - 287. What is the hundreds digit of d(-3)?
9
Let p be ((-22)/(-4))/((-4)/(-8)). Suppose -p*a + 21*a - 3190 = 0. What is the tens digit of a?
1
Let f(h) = 86*h**2 + 6*h - 11. Let w be f(7). Suppose -w = -17*a + 3949. What is the units digit of a?
2
Let l be (-224)/36*-3*15/(-2). Let v = -477 + 732. Let k = v + l. What is the units digit of k?
5
Suppose -5*f - 3*d + 57 = 0, 2*f = -0*f - 4*d + 34. Suppose 5*q - f*q = 16. Let i(g) = -5*g - 19. What is the units digit of i(q)?
1
Suppose -2*q = 0, 736*q + 22556 = 4*h + 734*q. What is the tens digit of h?
3
Suppose 5*v - 93 - 82 = 0. Let b be -7*((-50)/v + 4). Let m = b + 22. What is the units digit of m?
4
Let o = 11 + -9. Suppose -o*l - 3*x + 135 = 0, 3*x + x - 202 = -3*l. Suppose l = -2*k + 4*k. What is the units digit of k?
3
Let g(w) = -11*w - 28. Let s be g(3). Let z(v) = 12*v**2 + v - 4. Let y be z(3). Let j = s + y. What is the units digit of j?
6
Let i(p) = -17*p + 255. Let d be i(-25). Suppose -32*c + 33*c - d = 0. What is the units digit of c?
0
Suppose -8*g + 100 + 124 = 0. Suppose -a + 23490 = g*a. What is the hundreds digit of a?
8
Let c(u) = 270*u + 219. Let k(x) = 27*x + 22. Let d(a) = 2*c(a) - 21*k(a). Let n be d(-13). Suppose -3*f = -6*f + n. What is the tens digit of f?
0
Let r(g) = -g**2 + 16*g - 24. Let o be r(6). What is the hundreds digit of (-3)/o*2 + 24855/90?
2
Suppose -81 = 3*d - 102. Suppose -2*n + d = -45. What is the tens digit of n?
2
Let l(t) = 621*t + 292. What is the thousands digit of l(12)?
7
Let s = -6936 - -6938. Suppose 5*o + 3*j = 430, 3*o + 5*j - 430 = -2*o. Suppose 0 = v + 3*g - 138, -s*g + 493 - o = 3*v. What is the units digit of v?
5
Let t = 25 + 4908. What is the tens digit of t?
3
Let u(r) be the first derivative of -11*r**2/2 + 23*r - 28. What is the tens digit of u(-4)?
6
Suppose 4*n - 20*n = -110112. What is the tens digit of n?
8
Let d(u) = 3624*u**2 - 87*u + 443. What is the thousands digit of d(5)?
0
Suppose -4*u + 2*m = -3*m - 4655, 0 = u + 2*m - 1180. Suppose -5*q + u + 10 = 0. Let j = q - 142. What is the units digit of j?
4
Let u(g) = -g**3 - 8*g**2 - 8*g - 11. Let c be -7 + 50/7 - 78/7. What is the hundreds digit of u(c)?
4
Suppose 2*o = -5*r + 3, -3*o + 4*r = 61 - 8. What is the tens digit of ((-33)/(-6))/o*-108?
5
Suppose -595503 = -68*m + 472369. What is the thousands digit of m?
5
Let o be ((-8)/(-2) - 9)*-1. Suppose 5*f - 3*c = -233, -4*c + 67 = -o*f - 167. Let n = f - -47. What is the units digit of n?
1
Let a(w) = 69*w - 1. Let y be a(-1). Let i = 277 - y. Suppose -7*m = -i + 88. What is the tens digit of m?
3
What is the units digit of ((-6)/(-18))/(11/78309)?
3
Let g(b) = b**2 + 48*b + 1932. What is the hundreds digit of g(0)?
9
Let t(u) = -23*u**2 - 4*u - 57. Let v be t(8). Let w = -1016 - v. What is the hundreds digit of w?
5
Let b = -145 + 75. Let m = b - -75. Let r(z) = 2*z**2 + 3*z + 20. What is the units digit of r(m)?
5
Let o(v) = 3 - 86*v - 2 + 420*v. Let h be o(1). Suppose d = -4*b + 42, 5*d - h = 4*b + b. What is the units digit of d?
2
Let p be (2/(-4) - 447/18)*-9. Suppose -8*o - p = -5*o. Let l = 113 + o. What is the un